z). Suppose 4*s - 265 = -v. What is the units digit of s?
5
Let w(h) = -h**3 + 4. Suppose -s = 4*s - 4*a - 12, a + 3 = 2*s. Let c be w(s). Suppose c*i = -n + 76, i + 3*n + 6 = 2*i. What is the units digit of i?
8
Suppose 29 = -4*i - 3. What is the tens digit of (152/6)/(i/(-12))?
3
Suppose 4*r - 20 - 16 = 0. Let y(x) = 5*x - 20. Let m be y(r). Suppose -272 = -m*d + 21*d. What is the tens digit of d?
6
Let b(s) = 2*s**3 + 10*s**2 + 14*s + 78. What is the units digit of b(-5)?
8
Let z = -959 + 1451. What is the hundreds digit of z?
4
Let u(w) = 8*w**3 + w**2. Let p be u(1). Suppose 7*f - 30 = -9. Suppose -p = -f*l - 3*x, -4*x + 6*x = 5*l - 1. What is the units digit of l?
1
Let x(l) = 7*l + 22. What is the tens digit of x(5)?
5
Let d(r) = -7*r**3 + 9*r**2 + 3*r + 5. What is the tens digit of d(-4)?
8
Suppose -1382 = -9*f + 7*f. What is the tens digit of f?
9
Let v(f) = 7*f**2 - f**3 - 2 + 6 + f - 4*f**2 + 3*f. Let t be (6/(-5))/(-7 - 67/(-10)). What is the units digit of v(t)?
4
Let j = 7 + -5. Let d be (-180)/(-5)*j/4. Let g = d + -6. What is the units digit of g?
2
Let i(r) = 5 + 12*r**2 - 21*r**2 - 8*r - r**3 + 0*r**3. Let l be i(-8). Suppose 4*a + 3*j = 6 - 2, l*a - j - 5 = 0. What is the units digit of a?
1
Suppose -228865 = -54*f - 37*f. What is the tens digit of f?
1
Let w(j) = j**3 - 5*j - 2. Let t(k) = -k**3 - k**2 + 11*k + 5. Let l(g) = -2*t(g) - 5*w(g). What is the tens digit of l(-2)?
2
Let w = -1687 + 1738. What is the tens digit of w?
5
Let x be 3 + -1*(6 + -5). Let b = 10 - 6. Suppose 2*l + 2 = 0, x*c - 51 = b*l + l. What is the tens digit of c?
2
Let m(z) = -5*z + 63. Let c(a) = -11*a + 127. Let r(t) = -t + 5. Let i be r(9). Let j(d) = i*c(d) + 9*m(d). What is the tens digit of j(0)?
5
Suppose 5*w + 30 = 11*w. Suppose -4*u + u = 5*b - 376, 2*u = w*b - 366. What is the tens digit of b?
7
What is the units digit of (-1)/(1 + 2 - (-11747)/(-3910))?
0
Let m(t) = 3*t + 21. Let l be m(-15). Suppose 25*g - 23*g = -30. Let c = g - l. What is the units digit of c?
9
Let n = 566 + -252. Let p = n + -224. What is the tens digit of p?
9
Let t(g) be the second derivative of -2/3*g**3 + 1/3*g**4 - 9*g + 0 - 5/2*g**2. What is the units digit of t(-4)?
5
Let u(i) = -i**2 + 4*i + 5. Let a be u(5). Let q = -255 + 258. Suppose -45 + a = -q*b. What is the tens digit of b?
1
Let v = 2679 - 1504. What is the tens digit of v?
7
Let r(h) = h - 1. Let z be r(-2). Let u be 1*4/(-6)*z. Suppose -f = u*f - 72. What is the tens digit of f?
2
Let z(b) be the third derivative of 7*b**4/8 - 17*b**3/6 - 30*b**2. What is the units digit of z(7)?
0
What is the thousands digit of 5957/3 + 1/((-3)/2)?
1
What is the hundreds digit of (-1130)/1582 + (-1)/(7/(-9406))?
3
Suppose 0*g - 3*g = -4*r + 1371, 5*r + 5*g = 1740. What is the hundreds digit of r?
3
Let n be (-166)/(-14) + (-6)/(-42). Let k = 33 + n. What is the units digit of k?
5
Let d = 1003 + 2210. What is the thousands digit of d?
3
Let d be (-4 - -4) + -10 + -2. Let j = d - -40. Let f = j + -16. What is the units digit of f?
2
Let v = 362 - -11. What is the units digit of v?
3
Suppose 7*b - 86 = 54. Suppose 3*c - b = c. What is the tens digit of (-80)/c*(-66)/8?
6
Let t = -12 + 15. Let p(h) = 2*h**3 + 0 + t*h**2 + 4*h - 2*h**2 - 3*h**2 - 1. What is the units digit of p(3)?
7
Let y = -6 - -39. Let l(x) = -y*x + 35*x + 62*x. What is the units digit of l(1)?
4
Let j(s) = -s**3 + 3*s**2 + 12. Let m be j(4). Let x = 23 + m. What is the tens digit of x?
1
Let k = 1403 - 998. What is the hundreds digit of k?
4
Suppose 8 = -2*k, -3*k + 1734 = b + 2*b. What is the tens digit of b?
8
Let c be 369/36 - (-1)/(-4). Let r = 12 - c. Suppose 2*x - 46 = -r. What is the tens digit of x?
2
Suppose 3*k - v - 28 = 0, 0 = 5*k + 7*v - 4*v - 70. Suppose -204 = -k*z + 7*z. What is the units digit of z?
1
Let u = -178 - -463. What is the units digit of u?
5
Let h be ((-14)/(-4))/(15/(-150)). Let t = -113 + 41. What is the units digit of (t/(-45))/((-2)/h)?
8
What is the units digit of (-63)/14*(-128)/6?
6
Let u(v) = v**3 + 13*v**2 + 14*v - 19. Let s be u(-11). Suppose 0 = -3*h + 12 - 0. Suppose 3*o = h*m - m + s, -2*o = -m - 47. What is the units digit of o?
4
Let f be -7 + 6 - -99*5. Suppose 9*m = f + 181. What is the tens digit of m?
7
Suppose 6 = -5*x + 7*x. Suppose 0*t = -c + 5*t + 33, c - x*t - 27 = 0. What is the units digit of c?
8
Let d = -4831 - -8012. What is the units digit of d?
1
Suppose 5*y - 3*y - 3*s = 1111, -3*y + 1714 = 5*s. What is the hundreds digit of y?
5
Suppose -1054 = -r + 3*k, 0 = 5*r - 54*k + 58*k - 5308. What is the units digit of r?
0
Let k(s) = 3*s**3 + 6*s**2 + 3*s - 2. Let b(q) = 4*q**2 + 2*q**3 + 2 + 3*q - 3 + q**2. Let z(w) = -4*b(w) + 3*k(w). What is the tens digit of z(4)?
1
Suppose 0*j = -2*j + 10, 2*h + 53 = 5*j. Suppose 2*a - 78 = 4*p, -4*p - 3*a - 30 = -3*p. What is the units digit of (-3)/p + (-54)/h?
4
Let t = -49 - -116. Let v be (-31)/1 + (-4)/2. Let s = v + t. What is the tens digit of s?
3
Let p = 17 + -12. Suppose 0 = -4*z - 2*j + 270, 2*j = -p*z + 83 + 252. What is the units digit of z?
5
Suppose 5*l + 3*a - 904 = 0, -5*l + 3*l + 2*a + 368 = 0. Suppose 12*o - 10*o = l. What is the tens digit of o?
9
Let v be (10 - 19)*-1*1. Let d = 12 - v. Suppose 3*j - 3*a = 99, -5*j - d*a = -82 - 67. What is the tens digit of j?
3
Let d(c) = 26*c**2 - 45*c - 123. What is the thousands digit of d(-12)?
4
Suppose v - 1 = b, 2*b + b - 5*v = -13. Suppose 0*z - 12 = -b*z, 0 = -3*k - z + 69. What is the tens digit of k?
2
Suppose d - 24 = -15. What is the units digit of d?
9
Suppose -u = 2*u + 3*u. Suppose 7*j - 418 - 121 = u. What is the tens digit of j?
7
Let j(l) be the third derivative of -l**6/120 - 4*l**5/15 - l**4/12 - 3*l**3 - 13*l**2. What is the tens digit of j(-16)?
1
Suppose 3*k - 13937 = -4*j, -920 - 3725 = -k - j. What is the tens digit of k?
4
Let s(w) = w**3 - 10*w**2 - 10*w - 9. Let a be s(11). Suppose -a*o = -2, -5*o = -t + 168 - 51. What is the tens digit of t?
2
Suppose 21 = -4*a + 33. Let g be (-3)/(-6) - a/6. What is the tens digit of (2 - g)*(-292)/(-8)?
7
Suppose -83 = r + t - 4*t, 4*r - t = -321. Let j = 134 + r. What is the tens digit of j?
5
What is the tens digit of -222*((-11)/22 - (-3)/(-2))?
4
What is the hundreds digit of ((-106)/6 - -1)/(178/(-6141))?
5
What is the tens digit of -16 + (-650)/(-40) + 4371/4?
9
Let i(y) = -y**3 - 9*y**2 - 4*y + 22. Suppose 4*r + 5*l = 2*l - 159, -3*l = 3. Let c = r - -30. What is the tens digit of i(c)?
5
What is the thousands digit of (-6 + 1815)*((-40)/24)/(-1)?
3
Suppose 3*g + p + 16 = -2, -5*g = 4*p + 37. Let s = 3 + g. What is the tens digit of ((-88)/(-6)*-3)/s?
2
Let r(i) = i**2 - 6*i - 4. Let d(n) = n**2 + 1. Let f(x) = 2*d(x) - r(x). Let w be f(-5). What is the units digit of (w/(-2))/(3/(-204))?
4
Suppose -4 = -2*g + g, -g = -z - 36. Let n = 39 - z. What is the units digit of n?
1
Let m(i) = -9*i + 9. Let q(n) = 14*n - 14. Let a(o) = 8*m(o) + 5*q(o). Suppose 5*v = -4*p - 7, v - 3 = -2*v. What is the units digit of a(p)?
8
Let s(x) = -46*x + 15. What is the hundreds digit of s(-15)?
7
Let u be 1/((0 - 1)/(-74)). Suppose -4*q = u - 246. What is the units digit of q?
3
Let u(m) = -m**2 + 10*m - 11. Let v be u(8). Suppose -2*p + 5*t = 46, -v*p + 3*p - 3*t = 46. Let b = p + 38. What is the tens digit of b?
1
Suppose -9*x + 729 = -0*x. Let i = 164 - x. What is the units digit of i?
3
Let m(d) = -12*d**3 - 5*d**2 + 8*d + 2. What is the hundreds digit of m(-5)?
3
Suppose -1 - 18 = 2*w - b, b = -5*w - 58. Let g = 2 + w. What is the tens digit of (-172)/(-6) + (-3)/g?
2
Suppose -4 = b + 24. Let g be -10*7/(21/6). Let q = g - b. What is the units digit of q?
8
Let d(h) be the second derivative of -h + 3/2*h**3 - 1/3*h**4 + 0 + h**2 - 1/20*h**5. What is the tens digit of d(-6)?
2
Let s be 20/(-8)*3*4/(-15). Suppose 3*r + s*r + 340 = 3*q, 5*r = 4*q - 450. What is the tens digit of q?
1
Let d(w) = -w**2 - 14*w + 8. Let b(q) = q - 6. Let g be b(-8). Let a be d(g). Suppose 0 = -a*x + 5*x + 87. What is the units digit of x?
9
Let j = 22 - 15. Let w(y) = -y**3 + y**2 + y + 2. Let g(v) = -6*v**2 + 4*v + 12. Let c(r) = g(r) - w(r). What is the units digit of c(j)?
1
Let m(w) = 77*w + 5. Suppose -112*v + 6 = -109*v. What is the hundreds digit of m(v)